 - -3)?
-22
What is 13 - -4 - (4 + 9) - (10 + 1)?
-7
Calculate (5 - ((21 - 9) + 2)) + 7.
-2
Evaluate -10 - (-27 - (-12 - -2)).
7
What is the value of 24 + -4 + (-1 - 10)?
9
Evaluate (-2 - 1) + 12 + (-4 - (4 - 10)).
11
Calculate 46 + -39 - (-3 + 26 - 4).
-12
Calculate (3 + 16 - 20) + 2.
1
What is -17 + 1 + 5 - -5?
-6
What is the value of (29 - -32) + -25 - (8 + 3)?
25
What is the value of 115 - 73 - (24 - 0)?
18
(-12 - (-2 - -13)) + 16
-7
What is -7 - 12 - -12 - (9 - (3 - 2))?
-15
-4 - (-6 - -1 - 3) - 27
-23
Calculate 4 - (19 + -6 + -3).
-6
(-28 - (-10 + -1)) + -1 + 5 + 1
-12
What is (11 - 5) + -23 + 17?
0
What is the value of 3 - (-4 - (-2 - (35 - 5))) - -7?
-18
-8 - ((-4 - -1) + -4 - 1)
0
Calculate 8 + -18 + -2 + (29 - 26).
-9
Calculate (-4 - (-6 - -6)) + 7 + -4 + -4.
-5
-3 + 0 + (-9 - -13) - (2 - -8)
-9
Evaluate (-74 - -67) + 1 + (-2 - -2) + 1.
-5
Calculate -14 - (10 - (10 + 8 + -13 + 0)).
-19
Calculate 2 - (-41 - -7 - -16).
20
(4 - (-12 - -5 - -11)) + 2
2
What is the value of (-29 - 0) + -230 + 263?
4
What is -2 - -14 - 14 - (3 + -3)?
-2
-11 - (-20 + 9 + 3)
-3
Calculate 5 + (-4 - -2) + 5 + (16 - 11).
13
Calculate 34 - 10 - 12 - 19.
-7
Calculate -5 + (5 - -4) + (2 - 6).
0
Evaluate -22 - -36 - 26 - -30.
18
What is the value of 1 + 6 - (-4 + (-9 - -9))?
11
Evaluate (-15 - 5) + 27 - -6.
13
Calculate -9 + 15 - (-1 + 5 - (-4 - -10)).
8
4 + 4 + -13 - (9 + -3 - 9)
-2
-11 - 3 - (-53 - -37 - 15)
17
Calculate (-24 - 0) + 13 + (13 - -2).
4
Calculate 1 + 12 - (-48 - -73).
-12
Calculate 37 + (-22 - (-39 + 38)).
16
Evaluate (-1099 - -1086) + 0 + 0 + 30.
17
What is 25 + -43 + 9 + -16 + 2?
-23
Calculate 43 - (-20 - 13 - -69).
7
Evaluate -30 + -17 + 21 + 18.
-8
Calculate (-42 - -34) + -1 + 14 + 19.
24
Calculate -8 + (-12 - ((8 - 14) + 1)).
-15
Calculate 8 - (-33 - (9 + -32)).
18
-3 + -26 + 33 + -12
-8
Evaluate -66 + 0 + 49 + (14 - 1).
-4
What is the value of -14 + (7 - (10 + -2))?
-15
(-6 - (2 - 2)) + -6 + 13 + -4
-3
What is 3 - 2 - -4 - (-24 + 62)?
-33
Evaluate 3 + 0 + -39 + (32 - (25 - 3)).
-26
What is the value of (14 - -7) + -15 - 4?
2
-18 + 0 + 1 + -2443 + 2442
-18
Calculate 2 - -11 - (-4 + 5 + 4).
8
Evaluate 5 + 10 + -18 - -12.
9
What is the value of -16 + 13 + 0 + 3?
0
What is the value of -10 - (7 + -13 - -1) - -4?
-1
28 - (15 - (2 + -1))
14
Calculate -11 - 1 - (-255 - -257).
-14
Evaluate 2 + -15 - (-21 - -8 - 17).
17
What is 3 + -13 + 40 + -3?
27
0 + (8 - 0) + (17 - 31) + -2
-8
What is -5 + 8 + 9 + -1?
11
What is (-34 - 36 - -12) + 26?
-32
Calculate -32 - -61 - 62 - (-1 + 0).
-32
What is the value of (-17 - -2) + -6 + 7 - -5?
-9
What is the value of 23 + (21 + -17 - 9)?
18
80 + -19 + -78 + (2 - -13)
-2
What is the value of (0 + -15 - -29) + 12 - (-1 - -10)?
17
Evaluate (5 - 0) + (-694 - -681) + 0 + -26.
-34
Calculate (1 - (0 + 2) - 5 - -2) + -5.
-9
4 - (15 + (59 + -64 - (1 - 8)))
-13
(-59 - -14) + 15 - -8
-22
What is the value of 11 + (-36 + 0 + 1 - 13)?
-37
Evaluate 1 + ((6 - 2) + -12 - -8).
1
-2 + -6 + -2 + (32 - (-9 + 62))
-31
What is the value of -2 + (-8 - 1 - -3) + 1 + 4?
-3
What is 6 + 0 + -95 + 80?
-9
What is 176 + -168 + -1 + -6 + 5?
6
What is the value of (0 - (-8 + 0 + 1 + -10)) + -7?
10
Evaluate (4 - 11 - -19) + -17.
-5
-8 + 23 + -11 + -1
3
-9 + (10 - 9) + 2
-6
Calculate 0 - -1 - (3 + 5 + -9).
2
What is the value of (19 - (9 - (21 + -9))) + -11 + 3?
14
Calculate (-7 + -3 - -53) + -25.
18
What is the value of 6 - (3 + -31 - -42)?
-8
Evaluate (-11 - 2) + 8 + 0 + -19.
-24
What is -4 + -1 + 1 + 11?
7
What is the value of (17 - 12) + -2 + 2?
5
Evaluate (22 - 12) + 0 + -2 + -3 + -5.
0
What is the value of 6 - ((-8 - 6) + (-26 - -34))?
12
Evaluate (-4 + 1 - (-11 + 11)) + -17 - -1.
-19
What is the value of (0 - -1) + (69 - 74)?
-4
Evaluate 8 - (-10 - 0 - -15).
3
What is the value of (5 + -5 - -4) + (2 - 2) + -15?
-11
Evaluate -5 - ((-4 + 10 - -5) + -1).
-15
Evaluate -5 + (33 - 17) + 30.
41
Calculate (-39 - -43) + -1 - 4.
-1
What is the value of -11 - (-6 - (16 - -2))?
13
What is the value of 106 + -130 - (-3 + 2)?
-23
Evaluate 4 + -4 + -10 + (-57 - -52).
-15
-3 - (5 + -2 + -7) - 11
-10
Calculate -2 - 9 - (8 - (-16 + 11)).
-24
Calculate 9 + -16 - (-2 + -14).
9
What is the value of (109 - 79 - (-1 - 0)) + -9 + -1?
21
(-54 - -56 - (-2 - -11)) + (25 - 1)
17
Evaluate (-14 - (-1 - (5 - -3))) + 30.
25
Evaluate 1 + -16 + 4 + (-4 - -5).
-10
-3 + (-10 - -16) + -6
-3
What is -2 + (0 - -2) + (-42 - -29)?
-13
What is the value of (-3 - 28) + -157 + 147 + 21 + -2?
-22
What is the value of 1 - (-31 - 1) - (15 + -4 + 0)?
22
What is (1 - 20) + (21 - 4) + -8 + -10?
-20
-19 + (-38 - (-105 - -12))
36
Evaluate 3 + -14 + (8 - 1) - (-9 - -3).
2
(0 - (1 + -2) - -12) + -2274 + 2268
7
What is the value of 6 - ((-1 - -22) + (-200 - -193))?
-8
What is (7 - -1 - 0) + -11 + 10?
7
What is the value of (0 - -7) + (27 - 18 - 21)?
-5
What is 14 + -46 + 19 + 12 + 37?
36
Calculate -307 - -305 - (1 + -2 - 20).
19
7 + 2 + (-6 - -2 - -8)
13
Evaluate -5 + (-20 - (-7 + -6)).
-12
Evaluate -157 - -171 - (-1 - -17).
-2
What is the value of 16 - ((2 - 4) + -5 + 18 - 7)?
12
Calculate -615 + 639 - (-1 + 9).
16
Calculate 2 - ((-36 - -29) + -13).
22
What is 8 - (-1 + 4 + 6) - (2 + -7)?
4
What is (7 - -7) + -7 - 7?
0
Calculate (8 + 0 - (-1 + 1)) + -6.
2
Calculate 4 + 1 - (-2 - ((-9 - -12) + -14)).
-4
Evaluate 53 - 44 - (-1 + 0) - (-1 + -1).
12
What is (1 + 13 - 27) + 11?
-2
Calculate -1 - -13 - -1 - (-30 + -2 + 28).
17
Calculate (11 - (13 - (-9 - -18))) + -17 + -2.
-12
Evaluate -8 + 1 + 5 + (4 - -2) + -3.
1
Evaluate 19 + -27 + 4 + (12 - 0).
8
(-58 - (-133 - -60)) + 8 + -1
22
What is -27 + (-3 - 11 - -20)?
-21
Evaluate 13 - (7 + -7 + 15).
-2
4 + -8 - (-3 + -6)
5
Evaluate 18 - (-20 + (-3 - -13)).
28
Evaluate 0 - (16 - (19 + -13 + 3)).
-7
-5 - (-3 + 1 - -8 - 5) - -17
11
Calculate (14 - -2) + (-12 - (-2 + -8 - -6)).
8
What is the value of (0 - 9) + 2 - (43 - 73 - -22)?
1
Evaluate 1 - 28 - -42 - 22.
-7
What is -25 + 2 + (-2 - ((17 - 9) + -19))?
-14
What is the value of 10 - 8 - (17 + -46 - -20)?
11
What is the value of -15 - (-3 + 4) - (6 + 7)?
-29
Evaluate -10 + (9 - (23 + -11 + -2)).
-11
Evaluate 16 + (-10 - 3 - -17) + (1 - 2).
19
39 + 3 + -36 + 0 + 3
9
Calculate 17 + -22 + -3 - -4.
-4
Evaluate 6 - -13 - 12 - (-2 + 12).
-3
Evaluate -537 + 556 + (0 - 0).
19
-1 + -2 - 41 - (-42 - (-94 + 60))
-36
Calculate (-74 - -60 - (0 + -14)) + 24.
24
(-1 - -2) + 2 + -1 - (-83 + 78)
7
What is the value of 2 + (-6 - 0) + 7?
3
What is the value of -8 + (10 + -3 - 9) - -1?
-9
2 + (8 - 1) + (-119 - -101)
-9
Calculate -1 - -1 - -2 - (9 - (-20 + 18)).
-9
1 - -3 - (41 + 8 + -10 + -15)
-20
What is -4 + -2 - (-131 + 120)?
5
Calculate -9 + -3 + 12 - 14.
-14
What is the value of 23 - (19 + -14 + 7) - 25?
-14
Calculate 0 + (4 + -7 - 3 - (0 + -8)).
2
Calculate -37 - (10 - 33) - -3.
-11
Evaluate -5 + 0 + (5 - (-9 + 5)).
4
Calculate 12 + (-18 - (3 - 3)).
-6
What is -16 + (23 - -2) - (10 + -1) - 17?
-17
Calculate -30 + 7 + 15 + (-5 + -3 - 0).
-16
Evaluate -8 + (136 - 134) + (3 - 0).
-3
What is the value of -666 + 677 - (0 + 1 - -8)?
2
What is the value of (-8 + -2 - -8 - 2) + -3?
-7
Evaluate (0 + -6 - (147 + -118)) + 12.
-23
-10 + -1 + (0 - 0) + -27 + 29
-9
-27 + 16 - -26 - 15
0
Calculate 8 + (2 - 4) - (70 - (-17 + 61)).
-20
Calculate (-14 + 18 - (-6 + 1)) + -6 - -7.
10
What is -10 - (-4 - -4) - (-11 - (-9 - 5))?
-13
What is 22 + -9 - (3 + 7)?
3
What is the value of 21 - (-5 - (-5 - 14))?
7
What is the value of 479 - 498 - (-1 + 0 + 4 + 2)?
-24
Calculate -11 + (-9 - 1) + 11 + -17 + 8.
-19
What is the value of -8 - (-4 + 4 - (1 + 19))?
12
What is the value of 2 - -30 - (68 + -59 + -7)?
30
Evaluate 29 + (14 - (19 - (-1 - (-15 - -5)))).
33
What is 36 - (7 - -6) - 16?
7
Evaluate (-13 - (1 - 2)) + (16 - (42 + -24)).
-14
41 + -7 + -31 - (1 + 6)
-4
Calculate -26 + (-10 - -14) - (15 + -8).
-29
What is (-1 - 1) + 762 + -773?
-13
Calculate 315 - 327 - (1 - 3) - 12.
-22
Calculate (10 + 14 - 5) + -48.
-29
Calculate 23 + -64 + (12 - -8).
-21
Calculate (30 - 32) + (-2 - 1) + 10 + -11.
-6
What is the value of 5 - (1 + 2) - (-5 + -2) - -1?
10
-5 - (-14 - (-4 + -8) - (1 - 4))
-6
20 - (9 + (-7 - -6 - 1))
13
What is the value of -25 + -1 - (-22 + (14 - 17 - -18))?
-19
Calculate 64 - ((27 - -8) + 1).
28
16 + 2 + (-15 - (19 - 37))
21
Calculate 